0
Let u(l) = 5*l**2 - 184*l + 1403. Calculate u(26).
-1
Let n(p) = 2*p**3 - 3*p**2 - 18*p + 64. Calculate n(5).
149
Let a(x) = -3*x**2 - 494*x + 10463. Give a(19).
-6
Let k(r) = -4*r**3 - 81*r**2 - 88*r + 105. Calculate k(-19).
-28
Let p(x) = 77*x - 2709. Determine p(35).
-14
Let i(y) = -10*y + 161. Calculate i(8).
81
Let s(q) = 14*q**2 - 61*q + 4. Give s(4).
-16
Let p(d) = d**2 - 64*d + 533. Determine p(10).
-7
Let u(j) = -9*j - 41. What is u(-3)?
-14
Let z(s) = -3*s**2 - 467*s - 4403. Determine z(-10).
-33
Let t(q) = -2*q**2 - 12*q - 51. Calculate t(-4).
-35
Let f(z) = 166*z**2 - 979*z - 4. Give f(6).
98
Let y(v) = v**2 - 62*v + 797. What is y(18)?
5
Let d(a) = a**2 + 20*a - 3. Determine d(3).
66
Let j(u) = -2*u**2 - 17*u + 16. Give j(6).
-158
Let f(l) = 3*l**2 - 10*l - 109. Determine f(-6).
59
Let x(t) = 3*t**2 - 55*t - 11. Determine x(0).
-11
Let m(u) = -5*u + 40. What is m(6)?
10
Let z(t) = -3*t - 31. Give z(13).
-70
Let u(w) = -w**2 - 4*w + 528. What is u(-26)?
-44
Let y(h) = 17*h**3 + 8*h + 6. What is y(-3)?
-477
Let q(p) = -13*p**2 - 1714*p - 5147. Give q(-3).
-122
Let y(s) = 7*s**2 - 103*s - 154. Calculate y(16).
-10
Let v(a) = a**2 - 139*a + 1936. Determine v(16).
-32
Let t(l) = 4*l**2 - 29*l - 683. Determine t(-10).
7
Let g(o) = -2*o**3 - 79*o**2 + 130*o + 25. Give g(-41).
-262
Let a(w) = 19*w - 183. Give a(11).
26
Let j(k) = k**2 - 645*k - 7208. Determine j(-11).
8
Let n(t) = t**3 + 14*t**2 - 1553*t - 107. What is n(-47)?
-13
Let v(w) = -343*w - 175. Give v(-1).
168
Let n(t) = t**2 + 17*t - 38. Calculate n(-22).
72
Let z(v) = 228*v - 16643. Give z(73).
1
Let i(f) = -80*f - 398. Calculate i(-6).
82
Let p(n) = -n**2 + 13*n + 345. Give p(28).
-75
Let r(y) = 408*y + 3666. Give r(-9).
-6
Let n(m) = -m**2 + 241*m - 14280. Determine n(136).
0
Let k(r) = -436*r - 1733. Determine k(-4).
11
Let b(j) = 2*j**2 + 5*j - 187. What is b(-12)?
41
Let y(s) = -154*s - 8526. What is y(-55)?
-56
Let n(p) = -7*p**3 + 4*p**2 - 48*p + 211. Determine n(5).
-804
Let o(r) = 7*r**2 - 86*r + 26. Determine o(9).
-181
Let w(p) = -2*p**3 - 43*p**2 + 139*p + 448. Determine w(-24).
-8
Let z(u) = -3*u**2 - 408*u + 8843. Calculate z(19).
8
Let g(f) = 13*f**3 - 3*f**2 + 25*f - 24. Give g(1).
11
Let g(s) = -4*s**3 - 140*s**2 - 6*s - 205. Calculate g(-35).
5
Let x(w) = 102*w - 1537. Determine x(15).
-7
Let o(w) = 22*w**2 + 263*w - 43. Give o(-11).
-274
Let f(p) = -23*p**2 - 247*p - 251. What is f(-1)?
-27
Let b(k) = 2*k**2 - 180*k - 323. Give b(91).
-141
Let i(n) = 74*n + 4608. Give i(-63).
-54
Let x(m) = -25*m + 172. What is x(-8)?
372
Let l(b) = 3*b**3 + 86*b**2 + 73*b + 24. What is l(-28)?
-452
Let i(l) = -l**3 + 21*l**2 - 24*l - 62. Give i(19).
204
Let j(c) = -c**2 + 15*c + 64. Calculate j(-12).
-260
Let p(y) = -69*y - 110. What is p(8)?
-662
Let m(d) = -d**2 + 82*d - 1587. Calculate m(49).
30
Let x(h) = -h**3 - 32*h**2 + 21*h - 5. Determine x(-33).
391
Let a(l) = -2*l**2 - 97*l - 792. What is a(-39)?
-51
Let s(j) = -23*j - 880. Calculate s(-7).
-719
Let l(f) = -16*f**2 + 144*f + 103. Give l(10).
-57
Let u(q) = -15*q**2 - 899*q + 2702. Give u(3).
-130
Let f(o) = -2*o**3 + 67*o**2 + 37*o - 92. What is f(34)?
10
Let c(r) = 16*r - 374. Give c(24).
10
Let y(n) = 23905*n + 167344. Calculate y(-7).
9
Let y(v) = -v**3 - 12*v**2 - 3*v - 298. Determine y(-8).
-530
Let u(z) = z**3 - 11*z**2 + 12*z - 10. What is u(10)?
10
Let f(b) = b**2 + 22*b - 3009. Calculate f(45).
6
Let y(a) = 74*a - 9984. Calculate y(135).
6
Let d(f) = 190*f**2 - 1145*f + 25. What is d(6)?
-5
Let h(d) = 67*d**3 - d**2 + 129*d + 254. Give h(-2).
-544
Let s(w) = w**3 + 26*w**2 - w - 777. What is s(-25)?
-127
Let z(h) = -49*h - 885. Calculate z(-18).
-3
Let a(n) = n**2 + 24*n - 61. Give a(-21).
-124
Let m(v) = -28*v**3 - 2*v**2 - 2*v - 1. Calculate m(-1).
27
Let f(r) = 6*r**3 + 3*r**2 + 10. Give f(0).
10
Let h(b) = b**2 + 468*b + 18282. Give h(-43).
7
Let d(v) = v**3 - 21*v**2 + 2*v - 17. Determine d(21).
25
Let m(n) = -n**3 + 7*n**2 + 9*n + 20. What is m(8)?
28
Let h(a) = a**3 - 7*a**2 + 5*a + 3. Calculate h(2).
-7
Let j(f) = 9*f**2 + 190*f + 15. What is j(-21)?
-6
Let d(t) = 11*t**3 + 616*t**2 - t - 47. Give d(-56).
9
Let s(q) = q**3 - 24*q**2 - 33*q + 74. Calculate s(25).
-126
Let z(u) = -6*u**2 + 22*u + 56. What is z(-3)?
-64
Let h(f) = -2168*f - 15225. What is h(-7)?
-49
Let q(g) = g**2 - 33*g + 31. Calculate q(22).
-211
Let o(n) = -4*n**3 - 7*n**2 + 9*n + 3. What is o(-2)?
-11
Let a(o) = o**3 - 72*o**2 + 206*o + 76. Give a(69).
7
Let z(c) = 2*c**2 + 48*c + 49. Determine z(-27).
211
Let o(r) = 6*r**2 - 99*r + 22. Give o(15).
-113
Let o(m) = -m**2 - 93*m - 678. What is o(-8)?
2
Let z(f) = 31*f - 864. Calculate z(28).
4
Let b(o) = -2*o**3 + 7*o**2 + 3*o - 25. Determine b(7).
-347
Let s(r) = 114*r + 4310. Give s(-38).
-22
Let u(f) = -751*f - 4512. Calculate u(-6).
-6
Let d(g) = -5*g**2 - 63*g + 460. What is d(9)?
-512
Let c(w) = 5*w**2 - 93*w - 375. Give c(22).
-1
Let l(n) = 2*n**2 - 38*n + 172. What is l(4)?
52
Let q(x) = -6*x - 92. Calculate q(33).
-290
Let x(j) = -7743*j + 7733. Determine x(1).
-10
Let p(s) = s**3 + 10*s**2 + 5*s + 16. Determine p(-5).
116
Let z(x) = -4029*x + 48341. Calculate z(12).
-7
Let j(o) = 4*o**2 + 23*o - 110. Determine j(3).
-5
Let k(n) = n**2 - 28*n + 172. Give k(18).
-8
Let h(k) = -k**3 - 12*k**2 + 21*k + 12. Determine h(-14).
110
Let s(h) = -1165*h + 6933. Determine s(6).
-57
Let z(s) = s**3 - 72*s**2 + 106*s + 2386. Calculate z(70).
6
Let w(n) = -2*n**2 + 87*n - 750. Determine w(27).
141
Let v(r) = 31*r - 19. Determine v(11).
322
Let q(a) = -a**3 + 7*a**2 + 19*a - 4. Determine q(9).
5
Let h(m) = m**2 + 43*m + 408. Calculate h(-30).
18
Let w(k) = -6*k - 86. Calculate w(10).
-146
Let u(c) = c**3 - 32*c**2 + 15*c + 237. Determine u(31).
-259
Let u(d) = d**3 + 15*d**2 + 13*d + 9. Determine u(-13).
178
Let s(h) = 2*h**3 - 14*h**2 + 12*h + 42. What is s(8)?
266
Let h(v) = -4*v**2 + 26*v + 47. What is h(-2)?
-21
Let u(z) = -3*z**2 + 94*z - 21. Determine u(31).
10
Let o(x) = -x**2 + 2693*x - 10755. What is o(4)?
1
Let x(s) = 136*s - 1892. What is x(14)?
12
Let i(g) = g**3 - 23*g**2 + 44*g - 522. Give i(22).
-38
Let t(k) = 2*k**3 - 26*k**2 + 62*k - 224. Determine t(11).
-26
Let r(t) = t**2 - 68*t + 525. Give r(12).
-147
Let x(m) = 2*m**2 - 718*m - 7406. Give x(-10).
-26
Let p(l) = 3*l**3 + 7*l**2 - 3*l + 4. Give p(2).
50
Let n(j) = -j**2 + 408*j - 24204. Give n(336).
-12
Let c(n) = -7*n**2 + 4*n + 34. Determine c(3).
-17
Let b(h) = 148*h - 5479. What is b(37)?
-3
Let k(d) = -d**3 + 15*d**2 + 21*d - 68. Calculate k(16).
12
Let x(v) = 27*v + 668. Give x(-22).
74
Let o(q) = q**2 + 418*q - 10156. Calculate o(23).
-13
Let u(h) = 3*h**2 - 83*h + 550. Give u(11).
0
Let p(k) = k**2 - 102*k - 645. Calculate p(108).
3
Let f(p) = -246*p + 408. What is f(0)?
408
Let p(k) = -5*k**2 + 8*k + 109. What is p(10)?
-311
Let n(f) = 2*f**2 + 4*f - 7. Give n(-4).
9
Let z(d) = -d**3 - 7*d**2 + 26*d + 119. Give z(-4).
-33
Let v(c) = 2*c**3 + 4*c**2 + 42*c - 15. Calculate v(0).
-15
Let u(y) = -y**3 + 2*y**2 - 14*y + 10. Calculate u(0).
10
Let w(l) = 6043*l - 102728. Calculate w(17).
3
Let j(b) = -5*b**2 - 20*b + 85. Calculate j(-8).
-75
Let v(f) = 2*f**3 + f**2 + 19*f - 21. What is v(1)?
1
Let w(g) = 4*g**3 + 5*g**2 + 30*g + 40. Give w(-6).
-824
Let l(u) = 2*u**2 + 45*u - 200. Determine l(-28).
108
Let y(c) = 54*c - 165. Give y(3).
-3
Let g(b) = b**3 - 12*b**2 - 11*b + 204. Determine g(11).
-38
Let w(n) = -3*n**2 + 156*n - 1051. Calculate w(8).
5
Let l(i) = -115*i + 84. Determine l(1).
-31
Let l(s) = -s**2 - 40*s - 286. Determine l(-31).
-7
Let s(n) = 241*n - 5292. Calculate s(22).
10
Let b(j) = j**3 + 110*j**2 + 1502*j - 32. What is b(-16)?
0
Let m(r) = r**3 + 150*r**2 + 447*r + 817. Give m(-147).
-65
Let i(m) = -m**2 - 1083*m - 25420. Calculate i(-24).
-4
Let x(o) = -147*o**2 + 20*o - 21. Determine x(1).
-148
Let p(m) = -2373*m - 68818. What is p(-29)?
-1
Let y(r) = -r**3 - 55*r**2 - 157*r - 43. What is y(-52)?
9
Let x(f) = -27*f - 243. Calculate x(-9).
0
Let u(i) = i**3 - 27*i**2 - 93*i + 157. Give u(30).
67
Let o(s) = s**3 - 11*s**2 + 37*s - 58. Give o(6).
-16
Let h(i) = -2*i**2 - 25*i - 33. What is h(-10)?
17
Let c(b) = 52*b + 157. Give c(-5).
-103
Let a(m) = m**3 - 26*m**2 - 125*m + 142. What is